*f**2 - f - 31 + 44 + 0*f - 3*f**2. Suppose 0 = -2*a - 3*j - 9, j = 5*a - 2*j + 33. Is s(a) a composite number?
True
Suppose -5*r - 6 + 11 = 0. Let l be 229 + (r - (-4 + 8)). Suppose -b - b + l = 0. Is b composite?
False
Let p(v) = 6*v**2 + 22*v + 19. Suppose 4*c + 0 = 4*w - 44, -3*w = 3*c + 33. Is p(c) composite?
False
Let q = -792 - -253. Is 6/(-4) + q/(-14) composite?
False
Suppose 15686 = 5*a + 2191. Let q = a + -522. Is q prime?
False
Let p be 2/(-7) - 32/(-14). Suppose 4*b - 558 = 2*g, -95 = -2*b - p*g + 199. Is b a prime number?
False
Let t(u) = 2 + u**2 - 7*u + 0 - 8*u. Let s be t(15). Suppose 0 = s*h + 3*h - 395. Is h a composite number?
False
Let d(l) = -7117*l + 107. Is d(-3) prime?
False
Let t be (-328)/(-20) + 4/(-10). Let n = -21 + t. Let v(o) = -40*o + 2. Is v(n) a composite number?
True
Suppose 0 = -5*a + 5*v - 225, -4*a + 5*v - 219 = -34. Is 151 + (-8)/(-36) + a/18 a prime number?
True
Suppose 2*m + 4 = 2*c - 4, -4*m = c + 1. Let r be (2 - 5) + -12 + c. Is -381*(40/r + 3) composite?
False
Let g(j) = -499*j + 2. Let m(i) = i**3 + 5*i**2 + i + 6. Let c be m(-5). Let s be g(c). Let z = -286 - s. Is z prime?
True
Let q = 165 - 43. Suppose 0 = 5*u - q - 263. Is u prime?
False
Let q(y) = y**3 - 7*y**2 + y - 7. Let v be q(7). Is (v - 2/(-3))*(-10095)/(-10) a composite number?
False
Suppose -4*j + 4271 = -13397. Is j composite?
True
Suppose 0 = 7*j - 68076 + 15856. Suppose -14*k - j = -18*k. Is k a prime number?
False
Suppose 3*w - 108 = 78. Suppose q - 4 + 1 = 0. Suppose -w - 67 = -q*d. Is d a prime number?
True
Let l = 86920 + -12789. Is l a prime number?
True
Suppose -2*g - g = -12. Suppose 3*q - 3 = -0*q + 3*m, 4*q = -4*m + 20. Suppose g*j - q*j - 121 = 0. Is j a prime number?
False
Let y(v) = -12*v**2 - 13 + 4*v**3 + v - 3*v**3 + v**2. Let n be y(11). Is (n/6)/((-4)/5064) a composite number?
True
Suppose 15*d - 20 = 10*d. Suppose -k = d - 6. Is k/((-603)/(-597) - 1) a composite number?
False
Suppose 0 = 2*t - 2*x - 18, 0*t = t + 3*x - 21. Suppose -t = -z - 2. Let w = z + -4. Is w composite?
True
Let o(v) = -4*v - 16. Let f be o(-11). Let j = 30 - f. Suppose -j*a = a - 1338. Is a composite?
True
Let f be (3 - 2)*(1 + 377 + 1). Let s = f + -128. Is s a prime number?
True
Suppose 5*l - 2*l = 1188. Let s = -205 + l. Is s composite?
False
Let j(u) = 0 + 1 - 3 + 5*u - u**2. Let l be j(3). Suppose 2*i - 773 = -3*g, 767 = -g + 4*g - l*i. Is g prime?
True
Suppose 3*b - 25 = 4*d, -3*b = -2*d - 5*b - 30. Let o = d - -8. Let x(m) = -23*m**3 - 2*m**2 + 1. Is x(o) composite?
True
Suppose -g = -79684 - 66661. Is g a composite number?
True
Suppose -5*o + 13162 = 3*t, -2*o + 2*t = t - 5267. Is o a prime number?
True
Let r(k) = -1196*k**3 - 2*k**2 - 2*k - 1. Suppose -3*o + o - 2 = 0, 4*o + 2 = 2*j. Is r(j) a prime number?
False
Let p = 1453 + -562. Is (-1 - p)*(-5 - (-14)/8) prime?
False
Suppose -10*w = -15*w + 4155. Let u = w + -492. Is u a composite number?
True
Let y(i) = 197*i**2 + 6*i + 26. Is y(-7) composite?
True
Let p = -78 - -158. Suppose 0 = -m - 0*m + p. Let g = m - 49. Is g composite?
False
Let h be 42/9 + (-12)/18. Suppose -h*v = 97 - 1513. Let d = v - 167. Is d a composite number?
True
Let z(o) = 52492*o**3 - 19*o + 20. Is z(1) composite?
True
Let m(p) = p**3 + 13*p**2 + 14*p + 23. Let k(t) = -t**2 + t + 1. Let l(c) = -4*k(c) + m(c). Is l(-16) a composite number?
True
Let w = 62 + 10. Let u = w + -39. Let v = u + 532. Is v prime?
False
Let g(i) be the third derivative of 3*i**5/20 - i**4/6 + i**3/6 - 5*i**2. Let s be g(3). Suppose 3*b = -s + 1363. Is b composite?
False
Let w(v) = v + 12. Let t be w(-8). Suppose -6 = m + t*d, 3*m + m = -4*d. Is (474 - -5)/(-1 + m) composite?
False
Let o(i) = i**2 - 2*i - 1. Let b be o(3). Suppose b*x - 4 = 6. Let n(r) = 14*r + 9. Is n(x) prime?
True
Suppose 14 = y + 11. Let c be (y - 6)/(3/4). Is (-314)/3*6/c a composite number?
False
Let x(n) be the second derivative of n**5/20 + 5*n**4/12 + 2*n**3/3 + n. Let y be x(-3). Is (-171)/3*(-2)/y composite?
False
Let z(b) = -b**2 - 4*b + 2. Let d be z(-3). Is 167/((1/d)/(2/10)) a composite number?
False
Let i = -1987 - -28824. Is i prime?
False
Is 25761932/805 - 6/(-10) a prime number?
True
Let g(s) = -103*s + 9. Is g(-10) a composite number?
False
Let n(c) = 473*c**3 - c**2. Let y be n(1). Suppose y = -0*p + p + 5*j, -j - 977 = -2*p. Is p a composite number?
False
Suppose 3*v - 3*a = 12, -2*a + 5*a + 10 = 2*v. Let u be (v/2)/((-2)/2). Is ((-1)/(-2))/(u/(-158)) prime?
True
Let r = 2 - -22. Let m be ((-16)/r)/((-4)/870). Let b = m + -34. Is b composite?
True
Let r(k) = -k + 9. Let p be r(0). Let s(j) be the second derivative of 17*j**3/6 + j**2 - 3*j. Is s(p) composite?
True
Let t = -4 - -6. Let k(s) = 1 - 5*s**t - s**3 + s - 8 + 5*s + 2*s**3. Is k(5) composite?
False
Is (-17386)/(-10) - 20/(-50) a prime number?
False
Suppose -478 = 5*q - 1658. Suppose -70 = -6*g + q. Is g a composite number?
True
Let u(r) = r**3 + 7*r**2 - 18*r + 2. Let o be u(-9). Suppose -o*z - 2698 = -4*j - 0*j, 0 = -5*z - 5. Is j a prime number?
False
Let z be (-63)/(-15) - (-4)/(-20). Suppose -5*b = 4*p - 1915, -2*b - 5*p + z*p + 763 = 0. Is b a prime number?
True
Let t = 25 - 23. Suppose t*v - 193 = 549. Is v prime?
False
Let g(j) = j**2 + j + 38. Let n be g(0). Let i = 16 + n. Let w = i - 19. Is w a prime number?
False
Let o = 2689 + -1210. Let r = -2496 + o. Let c = -688 - r. Is c prime?
False
Let m = 7105 + 1289. Is 1*m*(-15)/(-90) prime?
True
Let v = -28 - -39. Suppose 15*k - v*k - 3076 = 0. Is k composite?
False
Let y = 101 + 11. Let h = y - 211. Is (-1126)/(-22) + 18/h prime?
False
Let k be (6/(-4))/(1/6). Suppose 51*o - 53*o = -56. Let i = o - k. Is i prime?
True
Suppose 5*y = 3*y + 10. Suppose -2*l + y*l = 9. Suppose -l*b = -347 + 86. Is b prime?
False
Let g = 103 - 102. Is g - ((-3)/(-4) - 36201/12) a composite number?
True
Suppose 2*h = 3*o + 8, -3*h + 0*o - 7 = 5*o. Let f be 0/h - (-4)/(-2). Is 70 - f*1/2 prime?
True
Suppose -3*l + 8 = -l. Suppose 4*s = -16, -l*t = 4*s - 1202 - 706. Is t a prime number?
False
Suppose -4*g + c = -107, -2*c - 2*c - 120 = -5*g. Suppose 0 = -g*h + 25*h + 12171. Is h composite?
False
Let h(s) = 2 - 3 - 134*s**2 + 387*s**2 + s. Is h(-1) a prime number?
True
Suppose -6 = 39*j - 41*j. Suppose 0 = -j*x - 5*d + 13, 5*x = 4*d - 2 - 38. Is 348/3*(-2)/x prime?
False
Suppose -4*c + 4*x + 530 + 10138 = 0, -13347 = -5*c + 2*x. Is c a composite number?
False
Let v = 1583 - -5322. Is v a composite number?
True
Let a be -2*1 + (11 - 10). Is -93*a*((-16)/(-12) - -3) a prime number?
False
Let m = 19 - 25. Let d = 18 + m. Is (-3)/9 - (-1528)/d a composite number?
False
Suppose -11507 = -4*p + 2541. Suppose -4*l + 9428 = -p. Is l prime?
False
Let a(b) = b**2 + 8*b. Let o be a(-8). Is o/(-2) - -1 - -148 a composite number?
False
Let l(b) = -1. Let y(d) = d + 1. Let x(q) = -319*q. Let m(z) = x(z) - 2*y(z). Let v(r) = 2*l(r) + m(r). Is v(-3) a composite number?
True
Let n = -1110 + 2677. Is n prime?
True
Suppose -14 = -3*z - 8. Suppose 3*g + z*p = 5*p + 3474, -g = 3*p - 1154. Is g a prime number?
False
Suppose 3*c - 842 - 1624 = 0. Let b = 1235 - c. Is b a prime number?
False
Is (-24)/(-3864)*23 + (-480612)/(-7) prime?
True
Let d(z) = -4*z + 4*z + 11 - z**2 + 2*z. Let r be d(4). Suppose -4*o = -3*l - 714, 0*o = r*o + 5*l - 521. Is o a prime number?
False
Suppose -209454 = -12*r + 6*r. Is r composite?
True
Let s(x) = -377*x - 11. Let f be s(-4). Suppose -o = -g + 506, -8*o + f = 3*g - 4*o. Is g a prime number?
True
Suppose 4*g - 10 = 2*g. Suppose -4*f + 22 = 2*h, -h + g*h = 20. Let q(i) = 36*i**2 - 2*i - 1. Is q(f) a prime number?
True
Is 156/(-117) + 189290/6 a prime number?
True
Let n(i) = -30*i - 10. Let u be n(-4). Suppose -2*l + u = -44. Is l a prime number?
False
Let w = 19 + -9. Suppose -j - 29 = 4*o - w, 2*j - 3*o = 17. Is (9/(-27))/(j/(-291)) a prime number?
True
Is 2464826/87 + 3/(-9) composite?
True
Suppose -5*i - i = -2*i. Suppose 3*f + 4421 = 4*l, l + f - 1222 + 122 = i. Is l prime?
True
Let s(n) = -n + 16. Let x be s(6). Suppose x*c = 9*c + 3. Suppose 2*z - c*z + 5*b = -142, 4*b = -5*z + 623. Is z prime?
True
Suppose -4886 - 798 = -28*f. Is f composite?
True
Let z(x) = -x**3 - 32*x**2 - 13*x - 47. Is z(-35) a prime number?
False
Let o(t) = 19*t**2 